{"id":2910,"date":"2016-05-12T19:02:05","date_gmt":"2016-05-12T19:02:05","guid":{"rendered":"http:\/\/www.kg-schleppschlepphurra.koeln\/?page_id=2910"},"modified":"2026-07-17T13:42:24","modified_gmt":"2026-07-17T12:42:24","slug":"die-termine","status":"publish","type":"page","link":"https:\/\/kg-schleppschlepphurra.de\/?page_id=2910","title":{"rendered":"Schlepper-Sitzung 2027"},"content":{"rendered":"\n<p class=\"wp-block-paragraph\"><\/p>\n\n\n<div class=\"wp-block-image\">\n<figure class=\"aligncenter size-full\"><img loading=\"lazy\" decoding=\"async\" width=\"100\" height=\"76\" src=\"https:\/\/kg-schleppschlepphurra.de\/wp-content\/uploads\/2019\/10\/D1A5ECF7-642B-4A5D-85F6-AB33AF578766-e1572517074317.jpeg\" alt=\"\" class=\"wp-image-3094\"\/><\/figure>\n<\/div>\n\n\n<p class=\"has-text-align-center wp-block-paragraph\" style=\"font-size:22px\">Am 25.01.2027 sind wir wieder mit unserer legend\u00e4ren Schlepper-Veranstaltung im Dom im Stapelhaus.<\/p>\n\n\n\n<figure class=\"wp-block-image size-large\"><img loading=\"lazy\" decoding=\"async\" width=\"724\" height=\"1024\" src=\"https:\/\/kg-schleppschlepphurra.de\/wp-content\/uploads\/2026\/07\/IMG_3480-724x1024.png\" alt=\"\" class=\"wp-image-6087\" srcset=\"https:\/\/kg-schleppschlepphurra.de\/wp-content\/uploads\/2026\/07\/IMG_3480-724x1024.png 724w, https:\/\/kg-schleppschlepphurra.de\/wp-content\/uploads\/2026\/07\/IMG_3480-566x800.png 566w, https:\/\/kg-schleppschlepphurra.de\/wp-content\/uploads\/2026\/07\/IMG_3480-1086x1536.png 1086w, https:\/\/kg-schleppschlepphurra.de\/wp-content\/uploads\/2026\/07\/IMG_3480-1448x2048.png 1448w, https:\/\/kg-schleppschlepphurra.de\/wp-content\/uploads\/2026\/07\/IMG_3480-scaled.png 1810w\" sizes=\"auto, (max-width: 724px) 100vw, 724px\" \/><\/figure>\n\n\n\n<details class=\"wp-block-details is-layout-flow wp-block-details-is-layout-flow\" open><summary><\/summary>\n<div class=\"wp-block-group is-content-justification-center is-layout-flex wp-container-core-group-is-layout-de391324 wp-block-group-is-layout-flex\">\n<p class=\"has-text-align-center wp-block-paragraph\" style=\"font-size:22px\">Zum 13. Mal hei\u00dft es wieder \u201eMondachs han mer frei\u201c mit einem tollen Programm. Sichert Euch die begehrten Karten!<br \/><br \/><strong>Der Vorverkauf l\u00e4uft unter <\/strong><a href=\"mailto:karten@kg-schleppschlepphurra.de\" target=\"_blank\" rel=\"noreferrer noopener\"><strong><mark style=\"background-color:rgba(0, 0, 0, 0)\" class=\"has-inline-color has-vivid-red-color\">karten@kg-schleppschlepphurra.de<\/mark><\/strong><\/a><strong>.<\/strong><\/p>\n<\/div>\n<\/details>\n\n\n<div class=\"wp-block-image\">\n<figure class=\"aligncenter size-full\"><img loading=\"lazy\" decoding=\"async\" width=\"100\" height=\"76\" src=\"https:\/\/kg-schleppschlepphurra.de\/wp-content\/uploads\/2019\/10\/D1A5ECF7-642B-4A5D-85F6-AB33AF578766-e1572517074317.jpeg\" alt=\"\" class=\"wp-image-3094\"\/><\/figure>\n<\/div>\n\n\n<p class=\"wp-block-paragraph\"><\/p>\n\n\n\n<p class=\"has-text-align-center wp-block-paragraph\" style=\"font-size:22px\">Der Eintritt und der Erl\u00f6s gehen wie immer an<br \/><a href=\"https:\/\/www.himmelunaeaed.de\/\"><strong><span style=\"text-decoration: underline;\"><mark style=\"background-color:rgba(0, 0, 0, 0)\" class=\"has-inline-color has-vivid-red-color\">Himmel un \u00c4\u00e4d e.V.<\/mark><\/span><\/strong><\/a> und <a href=\"https:\/\/traube-koeln.de\/\" target=\"_blank\" rel=\"noreferrer noopener\"><span style=\"text-decoration: underline;\"><strong><mark style=\"background-color:rgba(0, 0, 0, 0)\" class=\"has-inline-color has-vivid-red-color\">TrauBE Trauerbegleitung K\u00f6ln e.V.<\/mark><\/strong><\/span><\/a>.<\/p>\n\n\n<div class=\"wp-block-image\">\n<figure class=\"aligncenter size-full\"><img loading=\"lazy\" decoding=\"async\" width=\"100\" height=\"76\" src=\"https:\/\/kg-schleppschlepphurra.de\/wp-content\/uploads\/2019\/10\/D1A5ECF7-642B-4A5D-85F6-AB33AF578766-e1572517074317.jpeg\" alt=\"\" class=\"wp-image-3094\"\/><\/figure>\n<\/div>\n\n\n<p class=\"has-text-align-center wp-block-paragraph\" style=\"font-size:22px\"><\/p>\n","protected":false},"excerpt":{"rendered":"<p>Am 25.01.2027 sind wir wieder mit unserer legend\u00e4ren Schlepper-Veranstaltung im Dom im Stapelhaus. Der Eintritt und der Erl\u00f6s gehen wie immer anHimmel un \u00c4\u00e4d e.V. und TrauBE Trauerbegleitung K\u00f6ln e.V..<\/p>\n","protected":false},"author":6,"featured_media":0,"parent":0,"menu_order":0,"comment_status":"closed","ping_status":"closed","template":"","meta":{"ngg_post_thumbnail":0,"footnotes":""},"class_list":["post-2910","page","type-page","status-publish","hentry"],"_links":{"self":[{"href":"https:\/\/kg-schleppschlepphurra.de\/index.php?rest_route=\/wp\/v2\/pages\/2910","targetHints":{"allow":["GET"]}}],"collection":[{"href":"https:\/\/kg-schleppschlepphurra.de\/index.php?rest_route=\/wp\/v2\/pages"}],"about":[{"href":"https:\/\/kg-schleppschlepphurra.de\/index.php?rest_route=\/wp\/v2\/types\/page"}],"author":[{"embeddable":true,"href":"https:\/\/kg-schleppschlepphurra.de\/index.php?rest_route=\/wp\/v2\/users\/6"}],"replies":[{"embeddable":true,"href":"https:\/\/kg-schleppschlepphurra.de\/index.php?rest_route=%2Fwp%2Fv2%2Fcomments&post=2910"}],"version-history":[{"count":68,"href":"https:\/\/kg-schleppschlepphurra.de\/index.php?rest_route=\/wp\/v2\/pages\/2910\/revisions"}],"predecessor-version":[{"id":6089,"href":"https:\/\/kg-schleppschlepphurra.de\/index.php?rest_route=\/wp\/v2\/pages\/2910\/revisions\/6089"}],"wp:attachment":[{"href":"https:\/\/kg-schleppschlepphurra.de\/index.php?rest_route=%2Fwp%2Fv2%2Fmedia&parent=2910"}],"curies":[{"name":"wp","href":"https:\/\/api.w.org\/{rel}","templated":true}]}}

<p class="wp-block-paragraph"></p>


<div class="wp-block-image">
<figure class="aligncenter size-full"><img loading="lazy" decoding="async" width="100" height="76" src="https://kg-schleppschlepphurra.de/wp-content/uploads/2019/10/D1A5ECF7-642B-4A5D-85F6-AB33AF578766-e1572517074317.jpeg" alt="" class="wp-image-3094"/></figure>
</div>


<p class="has-text-align-center wp-block-paragraph" style="font-size:22px">Am 25.01.2027 sind wir wieder mit unserer legendären Schlepper-Veranstaltung im Dom im Stapelhaus.</p>



<figure class="wp-block-image size-large"><img loading="lazy" decoding="async" width="724" height="1024" src="https://kg-schleppschlepphurra.de/wp-content/uploads/2026/07/IMG_3480-724x1024.png" alt="" class="wp-image-6087" srcset="https://kg-schleppschlepphurra.de/wp-content/uploads/2026/07/IMG_3480-724x1024.png 724w, https://kg-schleppschlepphurra.de/wp-content/uploads/2026/07/IMG_3480-566x800.png 566w, https://kg-schleppschlepphurra.de/wp-content/uploads/2026/07/IMG_3480-1086x1536.png 1086w, https://kg-schleppschlepphurra.de/wp-content/uploads/2026/07/IMG_3480-1448x2048.png 1448w, https://kg-schleppschlepphurra.de/wp-content/uploads/2026/07/IMG_3480-scaled.png 1810w" sizes="auto, (max-width: 724px) 100vw, 724px" /></figure>



<details class="wp-block-details is-layout-flow wp-block-details-is-layout-flow" open><summary></summary>
<div class="wp-block-group is-content-justification-center is-layout-flex wp-container-core-group-is-layout-de391324 wp-block-group-is-layout-flex">
<p class="has-text-align-center wp-block-paragraph" style="font-size:22px">Zum 13. Mal heißt es wieder „Mondachs han mer frei“ mit einem tollen Programm. Sichert Euch die begehrten Karten!<br /><br /><strong>Der Vorverkauf läuft unter </strong><a href="mailto:karten@kg-schleppschlepphurra.de" target="_blank" rel="noreferrer noopener"><strong><mark style="background-color:rgba(0, 0, 0, 0)" class="has-inline-color has-vivid-red-color">karten@kg-schleppschlepphurra.de</mark></strong></a><strong>.</strong></p>
</div>
</details>


<div class="wp-block-image">
<figure class="aligncenter size-full"><img loading="lazy" decoding="async" width="100" height="76" src="https://kg-schleppschlepphurra.de/wp-content/uploads/2019/10/D1A5ECF7-642B-4A5D-85F6-AB33AF578766-e1572517074317.jpeg" alt="" class="wp-image-3094"/></figure>
</div>


<p class="wp-block-paragraph"></p>



<p class="has-text-align-center wp-block-paragraph" style="font-size:22px">Der Eintritt und der Erlös gehen wie immer an<br /><a href="https://www.himmelunaeaed.de/"><strong><span style="text-decoration: underline;"><mark style="background-color:rgba(0, 0, 0, 0)" class="has-inline-color has-vivid-red-color">Himmel un Ääd e.V.</mark></span></strong></a> und <a href="https://traube-koeln.de/" target="_blank" rel="noreferrer noopener"><span style="text-decoration: underline;"><strong><mark style="background-color:rgba(0, 0, 0, 0)" class="has-inline-color has-vivid-red-color">TrauBE Trauerbegleitung Köln e.V.</mark></strong></span></a>.</p>


<div class="wp-block-image">
<figure class="aligncenter size-full"><img loading="lazy" decoding="async" width="100" height="76" src="https://kg-schleppschlepphurra.de/wp-content/uploads/2019/10/D1A5ECF7-642B-4A5D-85F6-AB33AF578766-e1572517074317.jpeg" alt="" class="wp-image-3094"/></figure>
</div>


<p class="has-text-align-center wp-block-paragraph" style="font-size:22px"></p>

<p>Am 25.01.2027 sind wir wieder mit unserer legendären Schlepper-Veranstaltung im Dom im Stapelhaus. Der Eintritt und der Erlös gehen wie immer anHimmel un Ääd e.V. und TrauBE Trauerbegleitung Köln e.V..</p>
