{"id":2978,"date":"2016-09-08T13:10:14","date_gmt":"2016-09-08T13:10:14","guid":{"rendered":"http:\/\/www.kg-schleppschlepphurra.koeln\/?page_id=2978"},"modified":"2023-01-09T11:48:13","modified_gmt":"2023-01-09T10:48:13","slug":"liedtext-durch-de-luck","status":"publish","type":"page","link":"https:\/\/kg-schleppschlepphurra.de\/?page_id=2978","title":{"rendered":"Liedtext \u201cDurch de L\u00fcck\u201c"},"content":{"rendered":"<p><em><strong>Milj\u00f6 &#8211; Durch de L\u00fcck un durch Jew\u00f6hl<\/strong><\/em><\/p>\n<p><em>Musik und Text: Mike Kremer<\/em><\/p>\n<p>\u201cMeine Damen und Herren, bitte machen Sie die G\u00e4nge frei und begr\u00fc\u00dfen Sie mit uns zusammen die Jecken der KG Schlepp\u00ad Schlepp\u00ad Hurra! Einmarsch!\u201d<\/p>\n<p>Et kraach un scheppert, &#8222;op de Sigg!&#8220;,<br \/>hurra, jetz kumme mir.<br \/>en halve Tonn op jedem \u00c4rm,<br \/>su kr\u00e4ftig wie &#8217;ne Stier.<\/p>\n<p>Ihsekl\u00f6tzjer, Hantelstange,<br \/>Tr\u00f6\u00f6te un en Trumm.<br \/>Ejal, wie schwer, dat muss do drop,<br \/>Un pass op met d&#8217;r Schrumm<\/p>\n<p>Durch de L\u00fcck un durch Jew\u00f6hl, zur Nud och durch de W\u00e4ng.<br \/>Huh die Trepp, eraff die Trepp un durch die schmalste J\u00e4ng.<br \/>Durch d\u00e4 Himmel, durch die H\u00f6ll, jo, mer scheue kei Jefahr.<br \/>Mir sin die staatse Junge vun Schlepp\u00ad Schlepp\u00ad Hurra.<br \/>Mir sin die staatse Junge vun Schlepp\u00ad Schlepp\u00ad Hurra.<\/p>\n<p>Domet mer nit verhungere deit en Frikadell met Woosch,<br \/>met Mettbr\u00fctchjer un Kabelschlot, un K\u00f6lsch j\u00e4je d\u00e4 Doosch.<\/p>\n<p>Dat es drei Mond uns Fr\u00fchst\u00fcck, Meddag un och Ovendbrot,<br \/>Mer denk et kaum, am n\u00e4chste Morje, schmeck dat widder jod.<\/p>\n<p>Refrain<\/p>\n<p>Wenn alles dann verkabelt es, verkr\u00fcch mer sich in\u2019t H\u00f6ttche,<br \/>Am Engk vum Saal, janz hinge durch, do s\u00fcht mer lecker F\u00f6ttche.<br \/>Wenn alles l\u00e4uf un alles blink,&nbsp;die Musik spillt sch\u00f6n laut,<br \/>dann weed d\u00e4 janze Firlefanz&nbsp;glich widder affjebaut.<\/p>\n<p>Refrain<\/p>\n<p>Phasepr\u00f6fer? &#8211;&nbsp;Han mer nit! Dann pr\u00f6f mer met d\u2019r Zung.<br \/>Wie krich ich jetz d\u00e4 Dress do huh? &#8211;&nbsp;Vers\u00f6\u00f6k et ens met Schwung.<br \/>Wat es dat? Wat sull d\u00e4 Quatsch? Wat bruch d\u00e4 Jeck \u2018ne F\u00f6hn?<br \/>Zwei\u00ad, dreimol dr\u00f6mjewickelt heh, dann f\u00e4llt et och nit \u00f6m.<br \/>Jaadeschlauch op Neutrikstecker, wat wells Do vun mir?<br \/>Me&#8217;m Equalizer Quetsch jet leiser un Phantom op de vier?<br \/>Zo winnig Saff, d\u00e4 Stecker aff, et Leech jeiht us em Saal.<br \/>&#8217;ne K\u00e4ues un jet Droht dobei, uns Werkzeug eetster Wahl.<\/p>\n<p style=\"text-align: center;\"><\/p>\n\n\n<div class=\"wp-block-image is-style-default\"><figure class=\"aligncenter size-full is-resized\"><img loading=\"lazy\" decoding=\"async\" src=\"https:\/\/www.kg-schleppschlepphurra.koeln\/wp-content\/uploads\/2020\/01\/2BBE4A36-B80A-4FDC-AE32-D4899F40AD8B-e1580079634929.png\" alt=\"\" class=\"wp-image-3160\" width=\"50\" height=\"50\"\/><\/figure><\/div>\n\n\n\n<div class=\"wp-block-buttons is-vertical is-content-justification-center is-layout-flex wp-container-core-buttons-is-layout-9a7cdcfd wp-block-buttons-is-layout-flex\">\n<div class=\"wp-block-button aligncenter has-custom-width wp-block-button__width-75 has-custom-font-size has-medium-font-size\"><a class=\"wp-block-button__link has-white-color has-vivid-red-background-color has-text-color has-background\" href=\"https:\/\/music.apple.com\/de\/album\/durch-de-l%C3%BCck-un-durch-jew%C3%B6hl-schlepp-schlepp-hurra-single\/1444268282\" style=\"border-radius:100px\" target=\"_blank\" rel=\"noreferrer noopener\">Schlepper-Marsch runterladen<\/a><\/div>\n<\/div>\n","protected":false},"excerpt":{"rendered":"<p>Milj\u00f6 &#8211; Durch de L\u00fcck un durch Jew\u00f6hl Musik und Text: Mike Kremer \u201cMeine Damen und Herren, bitte machen Sie die G\u00e4nge frei und begr\u00fc\u00dfen Sie mit uns zusammen die Jecken der KG Schlepp\u00ad Schlepp\u00ad Hurra! Einmarsch!\u201d Et kraach un scheppert, &#8222;op de Sigg!&#8220;,hurra, jetz kumme mir.en halve Tonn op jedem \u00c4rm,su kr\u00e4ftig wie &#8217;ne &hellip; <\/p>\n<p class=\"link-more\"><a href=\"https:\/\/kg-schleppschlepphurra.de\/?page_id=2978\" class=\"more-link\"><span class=\"screen-reader-text\">\u201eLiedtext \u201cDurch de L\u00fcck\u201c\u201c<\/span> weiterlesen<\/a><\/p>\n","protected":false},"author":6,"featured_media":0,"parent":0,"menu_order":0,"comment_status":"closed","ping_status":"closed","template":"","meta":{"ngg_post_thumbnail":0,"footnotes":""},"class_list":["post-2978","page","type-page","status-publish","hentry"],"_links":{"self":[{"href":"https:\/\/kg-schleppschlepphurra.de\/index.php?rest_route=\/wp\/v2\/pages\/2978","targetHints":{"allow":["GET"]}}],"collection":[{"href":"https:\/\/kg-schleppschlepphurra.de\/index.php?rest_route=\/wp\/v2\/pages"}],"about":[{"href":"https:\/\/kg-schleppschlepphurra.de\/index.php?rest_route=\/wp\/v2\/types\/page"}],"author":[{"embeddable":true,"href":"https:\/\/kg-schleppschlepphurra.de\/index.php?rest_route=\/wp\/v2\/users\/6"}],"replies":[{"embeddable":true,"href":"https:\/\/kg-schleppschlepphurra.de\/index.php?rest_route=%2Fwp%2Fv2%2Fcomments&post=2978"}],"version-history":[{"count":7,"href":"https:\/\/kg-schleppschlepphurra.de\/index.php?rest_route=\/wp\/v2\/pages\/2978\/revisions"}],"predecessor-version":[{"id":4323,"href":"https:\/\/kg-schleppschlepphurra.de\/index.php?rest_route=\/wp\/v2\/pages\/2978\/revisions\/4323"}],"wp:attachment":[{"href":"https:\/\/kg-schleppschlepphurra.de\/index.php?rest_route=%2Fwp%2Fv2%2Fmedia&parent=2978"}],"curies":[{"name":"wp","href":"https:\/\/api.w.org\/{rel}","templated":true}]}}